489 composite?
True
Is 116818718 a prime number?
False
Is 901694113 a composite number?
False
Is 10374201557 prime?
True
Is 6149725697 composite?
False
Is 6444699787 a prime number?
False
Is 105196993 a prime number?
False
Is 87222184367 composite?
True
Is 665109353 a composite number?
False
Is 81300626087 composite?
False
Is 17810841509 a prime number?
False
Is 6804000197 a composite number?
False
Is 19752133 a composite number?
True
Is 484733616749 a prime number?
False
Is 127341337 a composite number?
False
Is 19426737071 a composite number?
True
Is 253104139 a composite number?
False
Is 191515019 a prime number?
True
Is 88743001 composite?
True
Is 1484941141 prime?
True
Is 11912088847 prime?
False
Is 5173339987 a prime number?
False
Is 39214848017 a prime number?
True
Is 22387606723 a prime number?
True
Is 2073870661 a composite number?
False
Is 270211409 a composite number?
True
Is 1205164501 a prime number?
False
Is 3317295341 prime?
True
Is 3876903061 a prime number?
True
Is 707234729 a composite number?
False
Is 335128481 a composite number?
True
Is 1086970421 a prime number?
True
Is 611269199 a prime number?
False
Is 95315947121 a prime number?
False
Is 10238498287 prime?
True
Is 1966329151 prime?
True
Is 65692903 a composite number?
False
Is 635137483 a prime number?
True
Is 18726248029 a prime number?
False
Is 4070602418 prime?
False
Is 5907747259 a prime number?
True
Is 366305879 composite?
False
Is 3648787269 composite?
True
Is 5289121417 a prime number?
True
Is 148427702 prime?
False
Is 2549011991 a prime number?
True
Is 910770137 prime?
True
Is 542903399 a composite number?
False
Is 7004590303 a prime number?
False
Is 6364101721 a composite number?
False
Is 76416067799 prime?
True
Is 3524529737 composite?
True
Is 17420035553 a prime number?
False
Is 619367251 a composite number?
False
Is 345075403 a prime number?
False
Is 100784359 composite?
True
Is 6208280669 prime?
False
Is 46657885213 prime?
False
Is 3021217621 composite?
False
Is 174423901 a prime number?
False
Is 11819029069 prime?
True
Is 14391916787 a composite number?
True
Is 1315617559 a composite number?
True
Is 79743418553 a composite number?
False
Is 132539484674 a prime number?
False
Is 87129777959 composite?
True
Is 661672523 prime?
True
Is 3559430167 composite?
True
Is 1082415461 a prime number?
True
Is 4203424501 prime?
False
Is 8138161589 prime?
False
Is 29019422689 a prime number?
True
Is 1851982177 composite?
True
Is 648722409 a prime number?
False
Is 914822569 prime?
False
Is 60040693379 composite?
False
Is 3923517149 a composite number?
False
Is 1862262533 prime?
False
Is 30837916429 prime?
True
Is 12502512695 prime?
False
Is 2415024559 composite?
False
Is 15722849 a composite number?
False
Is 251408033 composite?
True
Is 28397935373 prime?
False
Is 12571926269 composite?
True
Is 1786532773 composite?
True
Is 892749857 a prime number?
True
Is 718217657 a composite number?
False
Is 1409786671 a prime number?
False
Is 6165614099 composite?
False
Is 3540992051 prime?
True
Is 886077487 composite?
False
Is 191115083413 a composite number?
False
Is 69676531343 prime?
False
Is 3756146393 a composite number?
False
Is 1918804841 a composite number?
True
Is 2318342489 a composite number?
False
Is 1080928307 a prime number?
False
Is 59137291439 a composite number?
True
Is 97803291403 prime?
True
Is 5026486303 prime?
False
Is 6380108191 a composite number?
False
Is 193686354853 prime?
True
Is 14502241693 a prime number?
True
Is 1180110889 prime?
True
Is 74713201781 a composite number?
False
Is 181199393 composite?
False
Is 3457490511 a composite number?
True
Is 1315911889 a prime number?
True
Is 34727587559 prime?
False
Is 13771148603 a prime number?
False
Is 34930716311 prime?
False
Is 2267112109 a composite number?
False
Is 12755038199 a prime number?
True
Is 1688934139 a prime number?
False
Is 6139985567 composite?
False
Is 6461985271 a prime number?
False
Is 9959323877 a composite number?
True
Is 6132138959 a composite number?
True
Is 17547415451 composite?
False
Is 4204786373 a prime number?
True
Is 672457567 a prime number?
False
Is 5778830507 prime?
True
Is 149298299 composite?
False
Is 18086688793 prime?
False
Is 33917105231 composite?
False
Is 5361634457 a composite number?
False
Is 1788310043 a prime number?
False
Is 2830129943 prime?
True
Is 223957810733 a composite number?
True
Is 11262716263 a composite number?
False
Is 11929077746 a prime number?
False
Is 9796419311 a composite number?
True
Is 8672534527 prime?
True
Is 160591567 a composite number?
False
Is 5808581503 a composite number?
True
Is 4342020899 prime?
False
Is 8604930859 prime?
False
Is 6622325777 a composite number?
False
Is 605255597 prime?
False
Is 57834216763 a composite number?
True
Is 42948579605 a composite number?
True
Is 35616746897 a prime number?
False
Is 8985526709 composite?
False
Is 20673989069 a composite number?
True
Is 34911660733 a composite number?
False
Is 8712848113 prime?
False
Is 15037592347 prime?
False
Is 30643845913 a composite number?
False
Is 9633763229 a composite number?
False
Is 594768487 a composite number?
False
Is 13831883551 composite?
False
Is 116761533541 prime?
True
Is 60591723287 a prime number?
True
Is 41951375041 prime?
True
Is 961903649 a prime number?
False
Is 1037835017 a composite number?
False
Is 2962199387 a composite number?
True
Is 50746082938 a composite number?
True
Is 5646808157 a prime number?
False
Is 17847437869 prime?
False
Is 5854374718 prime?
False
Is 6278523347 prime?
True
Is 364801627 a prime number?
False
Is 259274713 a prime number?
False
Is 390853751 composite?
False
Is 5711988593 composite?
True
Is 4157100209 a prime number?
False
Is 6685692671 prime?
False
Is 88426235 a prime number?
False
Is 18976726183 prime?
False
Is 7603071881 a composite number?
False
Is 10143105757 a prime number?
True
Is 1132385843 composite?
True
Is 2192908541 a composite number?
True
Is 5234409409 a prime number?
False
Is 81994039429 composite?
True
Is 31325129729 a prime number?
True
Is 8789919533 composite?
True
Is 578114269 a composite number?
True
Is 65690929 a prime number?
True
Is 1575665719 a composite number?
True
Is 11776812581 a prime number?
False
Is 18523117255 prime?
False
Is 1494555767 composite?
False
Is 347513696683 prime?
True
Is 21632170886 prime?
False
Is 487404077 a composite number?
False
Is 15817381 a prime number?
False
Is 15373789653 composite?
True
Is 3648791773 a composite number?
True
Is 1835268707 prime?
True
Is 37213616857 a prime number?
True
Is 31563176135 composite?
True
Is 11561486137 a composite number?
False
Is 412960523 prime?
True
Is 43093983343 composite?
False
Is 735537497 composite?
False
Is 2040710387 composite?
True
Is 6006582521 prime?
False
Is 5158208579 composite?
False
Is 1008860009 a prime number?
False
Is 21014549777 prime?
False
Is 8704511434 composite?
True
Is 12266700583 a prime number?
True
Is 92887423 prime?
False
Is 12471297689 prime?
True
Is 2411109223 a prime number?
False
Is 5737147543 a composite number?
True
Is 9399968503 a prime number?
True
Is 306699671 prime?
True
Is 12277034591 composite?
False
Is 1097102707 composite?
False
Is 10408188719 a prime number?
False
Is 24466791649 a prime number?
False
Is 307739956853 a prime number?
False
Is 136830619 a composite number?
True
Is 3692647997 composite?
False
Is 1598242955 prime?
False
Is 233448797 a prime number?
True
Is 2230430019 a prime number?
False
Is 398939603 prime?
False
Is 3778982437 prime?
True
Is 277125061427 prime?
False
Is 38416675159 a composite number?
True
Is 17178308051 a composite number?
False
Is 15583834337 prime?
False
Is 29022943 a prime number?
True
Is 699418849 prime?
False
Is 249557130871 composite?
False
Is 1603269487 prime?
False
Is 62257498829 a prime number?
True
Is 15910292623 prime?
True
Is 4651519669 a prime number?
False
Is 472720579 a prime number?
True
Is 325303241 a composite number?
True
Is 910690537 composite?
False
Is 13090651999 composite?
False
Is 1839862931 a prime number?
True
Is 783094359 composite?
True
Is 7543674769 a prime number?
False
Is 31191489757 a prime number?
False
Is 929832329 composite?
False
Is 243020111 composite?
True
Is 560512081 prime?
True
Is 4958420507 a composite number?
True
Is 